+ 3*k + 56. Calculate the highest common factor of 230 and w.
46
Let j = 4112 + -3152. What is the highest common divisor of j and 448?
64
Let x(a) = -a**2 + 822*a - 50621. Let p be x(68). Suppose -4*w + 5*z + 571 = -158, 0 = -2*w + 4*z + 360. What is the highest common factor of p and w?
93
Suppose -404 = -79*m + 1334. What is the greatest common divisor of m and 6402?
22
Let r = -25360 + 26785. What is the greatest common divisor of r and 675?
75
Suppose 4*s - 5*f + 10614 = 36336, 3*f + 32172 = 5*s. What is the greatest common factor of s and 174?
174
Suppose -d + 14089 = 2*a, -10*a + 14101 = d - 11*a. Calculate the highest common factor of d and 127.
127
Let f(w) = 7*w**2 - 100*w + 161. Let n be f(14). Calculate the highest common factor of n and 14.
7
Let j(u) = -2*u**2 + 52*u + 69. Let p = -42 - -69. Let s be j(p). Calculate the greatest common divisor of s and 555.
15
Let o(j) = -4*j - 1. Let v be o(-3). Let z(t) = -4*t + 16. Let x be z(v). Let m be ((-90)/(-4))/((-14)/x). Calculate the greatest common factor of 9 and m.
9
Let b(l) = -l**3 - 23*l**2 - 6*l - 134. Let a be b(-23). Suppose -6*g + a*g = -2*t + 364, -5*g = t - 200. Calculate the greatest common factor of t and 111.
37
Let n be 3/(-4) - ((-12)/56)/((-138)/(-1127)). What is the greatest common divisor of n and 26?
1
Let p(q) = -q**3 - 75*q**2 - 351*q + 7. Let s be p(-70). Calculate the greatest common factor of 35 and s.
7
Suppose -26*g = -g - 512275. Suppose 62*n - g = 6603. What is the greatest common factor of 46 and n?
23
Suppose 0*v = 4*m + 5*v - 307, -5*m - 4*v + 377 = 0. Let t = -111103 - -111906. What is the greatest common factor of t and m?
73
Let u(z) = -z**3 - 15*z**2 + 16*z + 5. Let b be u(-16). Suppose b*i - 575 = 5*p, 3*i + 0*p + 3*p - 357 = 0. Calculate the greatest common divisor of i and 78.
39
Let t be -58 - ((-10170)/30 - -41). Let l(i) = 89*i**3 + i**2. Let g be l(1). What is the highest common factor of t and g?
30
Let a be (-48)/(-56) - (-2704)/14. Suppose 0 = -5*y - 4*r + 1358 + a, 2*r - 6 = 0. What is the greatest common factor of y and 28?
28
Suppose 2625*w + 569326 = 2429*w + 2490518. Calculate the highest common divisor of w and 58.
58
Suppose 5*o = -2*d + 16, 2*d + 10*o - 6*o - 14 = 0. Suppose 2588 + 1185 = d*v + 2*u, v = -u + 1256. What is the highest common factor of v and 97?
97
Let y = 425 - 435. Let n be (2 - (-264)/3)*(-66)/y. Calculate the highest common factor of n and 108.
54
Let u = 40 - 10. Let n = 42 - u. Let x = n - -38. Calculate the highest common divisor of x and 20.
10
Let m = -325 - -549. Suppose 4*p - c - 331 = 0, 0 = 3*p + 2*c - m - 38. Calculate the greatest common factor of 132 and p.
12
Suppose -602 = -278*u + 20526. What is the highest common factor of u and 1558?
38
Suppose 8645 = 4*a + 3*y, -10 = -3*y - 13. Calculate the highest common factor of a and 368.
46
Suppose 0 = 5*b + 10, -4*f - 5*b + 6304 + 4950 = 0. What is the greatest common divisor of f and 88?
88
Suppose 5*q - 3995 = 46*c - 45*c, 2*c = 5*q - 4000. What is the greatest common divisor of q and 76?
38
Suppose 4*a = 4*p + 1 + 3, -2*a = -10. Suppose -h + 2*s + 180 = s, p*s = 0. Suppose 2*v = -v + h. What is the greatest common divisor of 24 and v?
12
Let z = 58 - 10. Let i(l) be the second derivative of -62*l**3/3 - 2*l**2 - l. Let x be i(-1). Calculate the greatest common factor of z and x.
24
Let r(s) = s**3 - 17*s**2 - 141*s + 85. Let d be r(23). Calculate the greatest common factor of d and 16.
16
Let c be (-6 - -5)/(2/(-350)). Let t(y) = 3*y**3 - 10*y**2 + 4*y - 18. Let w be t(7). Let o = -524 + w. What is the highest common factor of o and c?
25
Let a = 149 - 137. Let l = -425 + 641. What is the greatest common divisor of a and l?
12
Let p = -893 + 1010. Calculate the highest common divisor of p and 624.
39
Let c = -18 - -18. Suppose f + c*f - 18 = 0. Let i be 168/f*(-6)/(-4). What is the greatest common divisor of 14 and i?
14
Suppose 17*g + 210 = 3*f, -2*g - 192 = -12*f + 7*f. What is the greatest common factor of 4500 and f?
36
Let f(c) = -60*c + 2810. Let m be f(40). What is the highest common divisor of m and 960?
10
Let p be 2*-4*(-22)/(6 + -7). Let u = -104 - p. Calculate the highest common divisor of u and 8.
8
Suppose -w + 5*d = 45, w + 55 = -d + 4*d. Let p = w - -382. Suppose -z = -7*z + p. Calculate the greatest common divisor of z and 130.
26
Suppose -5*k - 5 + 74 = x, 93 = 5*k - 3*x. What is the highest common divisor of k and 4215?
15
Let a = 661 + -916. Let p = a - -554. Calculate the highest common divisor of 13 and p.
13
Suppose -2*t + 0*t - g + 351 = 0, 4*t + 4*g - 696 = 0. Let s = t + -121. Suppose 2*r - s = -20. What is the highest common factor of r and 9?
9
Let p(m) = 4*m**2 + 3*m - 3. Let c be p(2). Let l be (-1*c)/(1/(-2)). Suppose -49*v + 11055 + 9427 = 0. What is the greatest common factor of v and l?
38
Suppose 37*q + 4*o + 446 = 42*q, 2*q = o + 182. What is the greatest common divisor of 4 and q?
2
Suppose 4*s = s + 9. Suppose 17 - 287 = -s*r. What is the highest common divisor of 60 and r?
30
Let j = -399 + 404. Let v be -6*(4/(-3))/4. What is the highest common divisor of v and j?
1
Let g be 0 + (-7 - -7 - 0). Suppose -5*r = -y + 634, g = r - 5 + 3. Calculate the highest common divisor of 23 and y.
23
Let h(o) = 5*o**2 - 1295*o - 7934. Let z be h(265). Let u be (-32)/(-2) - -1*2. Let a = u - 10. What is the greatest common divisor of z and a?
8
Let w(s) = -4*s - 83. Suppose 16*p + 43 = -309. Let c be w(p). Calculate the highest common divisor of 5 and c.
5
Let n(a) = 2*a - 48. Let k be n(26). Let u be (-614)/(-12) - k/24. Calculate the greatest common factor of 85 and u.
17
Suppose 3*k - 87 + 42 = 0. Suppose -k*u + 12*u + c = -505, 0 = -u + c + 167. What is the greatest common divisor of u and 13?
13
Suppose -j + 3 = b, 3*b + b = 8. Suppose 4 - 9 = -5*x. Suppose 2*m - 3 - x = 0. Calculate the highest common factor of m and j.
1
Suppose -4912 = -32*o + 1488. Let x = o - 149. Calculate the highest common factor of x and 136.
17
Let h(t) = -17*t**3 - 1089*t**2 - 70*t - 198. Let f be h(-64). Calculate the greatest common divisor of 6262 and f.
62
Let m = -196 + 198. Suppose 0 = -5*p - 5, -m*r - 246 = -3*r + 3*p. Calculate the highest common divisor of r and 27.
27
Let d be 1 + (-13)/(182/(-56)). Suppose -2*i + 18 = -2*u, 2*i - 2*u = 3*u + 15. Let z = i - d. What is the greatest common divisor of z and 5?
5
Let x = 4603 + -4499. Suppose 0 = 3*f - 0*f - 156. What is the greatest common factor of f and x?
52
Let l be 41 - -8501 - (4 - 3). What is the greatest common factor of 13 and l?
13
Let l(x) = -3*x**2 + 18*x + 16. Let g be l(-7). Let v = 389 + g. Calculate the highest common divisor of 220 and v.
44
Suppose -344*h = -325*h - 301549. Calculate the highest common divisor of 59 and h.
59
Let g be 4/8 + 4*(-99)/(-24). Suppose -4*v - 142 = 3*k, -v - 4*k = 40 + 2. Let s = v + 255. What is the highest common factor of s and g?
17
Let c(n) = 16*n**2 + 6*n. Let p be (2/6)/(-5 - 177/(-36)). Let x be c(p). Let v = -71 + x. What is the highest common factor of 23 and v?
23
Let t(h) = 2*h**3 - 20*h**2 + 4*h + 20. Let a be t(9). Let r = a + 96. Let j be (-6)/r - (-154)/10. Calculate the greatest common factor of 112 and j.
16
Let c be ((-2)/(-3))/(4/(-102)). Let b = -2 + c. Let t = b + 30. What is the greatest common divisor of t and 99?
11
Let o(v) = 5*v**2 - 11*v - 56. Let u be o(-10). Let n = u + -204. What is the highest common factor of 14 and n?
14
Suppose 0 = i - 64 - 48. Let a(w) = 8*w**2 - 414*w + 413. Let p be a(1). Calculate the greatest common divisor of i and p.
7
Let c = 10965 + -10799. What is the greatest common divisor of c and 16?
2
Let p(u) = u**2 + 6*u + 14. Let j be p(-3). Let o be -2 + 68 - ((j - 1) + 1). Calculate the greatest common factor of 1 and o.
1
Let b = -18 - -31. Let i(f) = f**3 - 10*f**2 - 25*f + 4. Let t be i(10). Let x = -181 - t. Calculate the greatest common factor of b and x.
13
Let b = 2112 + -1957. What is the greatest common factor of b and 85?
5
Let s = 31724 - 9590. Calculate the highest common divisor of s and 238.
238
Let s be (-1)/(-5)*80 - -61. Calculate the greatest common factor of 308 and s.
77
Let h = 909 - 753. What is the highest common factor of 429 and h?
39
Let x(q) = 48*q**3 - 10*q